derivative of -5*n + 3 + 1/3*n**3 + n**2. Calculate q(y).
3
Let j(m) = 25057 - 25057 - m. Calculate j(4).
-4
Let b(v) = -3*v + 0 - 3*v + 3. Suppose -91*j - 39 + 221 = 0. Give b(j).
-9
Suppose -2*w = -5*s + 2*s + 220, -s - 426 = 4*w. Let k = w + 108. Let r(n) = 4*n + 1. Determine r(k).
5
Suppose 2 - 1 = -3*h + s, 5 = -3*h - s. Let z(y) be the third derivative of y**6/24 - y**3/6 + 15*y**2 - 3. What is z(h)?
-6
Let i = 75 + -99. Let n be 0 + (-4 - i/3). Let o(u) = -u**3 + 2*u**2 + 5*u - 5. Calculate o(n).
-17
Let z(k) = -249*k + 492*k + 4 + k**2 - 249*k. Give z(5).
-1
Let y(q) be the first derivative of q**5/20 - q**4/3 - q**3/6 - 5*q**2/2 + 7*q + 4. Let j(o) be the first derivative of y(o). Determine j(4).
-9
Let q(x) be the first derivative of -x**3/3 - 3*x**2/2 - 5*x + 58. Calculate q(-5).
-15
Suppose 9*p - 30 = 4*p. Suppose -2*a - a + p = 0. Let i(b) = 1 + a + 0*b + 1 - 2*b**2 + 2*b. Give i(3).
-8
Let w(l) = l**3 - 4*l**2 - 5*l + 5. Suppose 2*f + 140 = 2*p, -3*f + 4*p = -8*f - 314. Let h = f - -47. Let y = h - -24. What is w(y)?
5
Let h(f) be the first derivative of -f**2/2 + 2. Suppose -123*g - 1 = -122*g. Determine h(g).
1
Suppose -17*y + 4*y = 0. Let m(h) = -h**2 + 5*h + 8. Let t be m(6). Suppose 0 = -3*b + 4*i - 14 + 6, y = -2*i - t. Let l(z) = z - 2. What is l(b)?
-6
Suppose 2*v + 4*x + 8 = 0, 4*v + 4*x + 2 = 6. Let c(n) = 6 + 0*n + 5*n**2 - 4*n**2 - 5*n. Calculate c(v).
12
Let r(d) = 1642*d - 3 - 1641*d + 4. Suppose 4*j + 8 + 0 = 0. What is r(j)?
-1
Let m = 21 - 15. Let i(q) = -3 + 11 + 5*q - m - 2*q**2 + 3*q**2. Give i(-3).
-4
Let m be (216/32)/(1/4). Let q = m - 29. Let j(i) = -1 + 4*i + i + 2*i. Determine j(q).
-15
Let c(a) = 3*a + 15. Let v be c(-7). Let k be (v/(-4))/((-24)/(-32)). Let t(b) = -k + 8*b - b**2 - 2*b - 6*b - 6*b. Determine t(-4).
6
Let s(j) = 14*j + 16. Let p(w) = 13*w + 19. Let f(a) = -4*p(a) + 5*s(a). Give f(3).
58
Let y(j) = 12*j. Suppose 3*n + 3*n = 102. Let q = n - 12. Suppose q = u + 4*u. Determine y(u).
12
Let s be ((-1)/(-1)*-1)/1. Let y(c) be the second derivative of -1/2*c**2 + 1/3*c**3 - 4 - 4*c. Determine y(s).
-3
Let t(y) = -y. Let h be t(-2). Let w(c) = 0*c**2 - 4*c**2 + 0*c**2 + 3*c + c**2. Determine w(h).
-6
Let s(v) = -v**3 + 8*v**2 - 7*v + 1. Suppose 3*x = 45 - 15. Suppose 2*t + 17 = -5*j + 7, 0 = 5*j + 5*t + x. Let o be -1 + (j + 1 - -9). Give s(o).
1
Suppose -2*x + 0*x + 14 = 0. Suppose -29 + 7 = -11*h. Let u(b) = -h*b - 7*b + 8*b + 0*b - x. Determine u(-6).
-1
Suppose -4*a - 67 = 4*g + a, -g + 5*a = 48. Let n be ((-5)/(15/69))/1. Let m = g - n. Let h(s) = s**3 - s**2 + 13. Give h(m).
13
Let u(w) = -2*w**3 + 2*w - 5 - 7*w**2 - 2*w**2 + 4*w**2 + 3*w**3 + 0*w**3. Let r(g) = -g**2 + 6*g - 1. Let j be r(5). Calculate u(j).
-13
Let w(j) be the third derivative of -j**5/60 - j**4/4 - 2*j**3/3 - 66*j**2. Suppose 5*m = -165 - 335. Let l be m/26 - (-8)/(-52). Determine w(l).
4
Let u(m) = m**3 - 6*m**2 - m - 2. Let g be u(6). Let o(p) = p + 1 + 8 + 3. Give o(g).
4
Let f be ((158 + 4)/(-3))/(-1). Suppose -l = l + f. Let k = l - -24. Let j(b) = -b**3 - 4*b**2 - 2*b + 3. Give j(k).
0
Let j(n) = n**3 + 6*n**2 + 6*n - 7. Let c = -10 + 1. Let m = -9 - c. Suppose m = 2*g - 0*b - b + 15, -5*b = -25. Calculate j(g).
-12
Let v(w) = -w + 5. Let p = -360 - -358. What is v(p)?
7
Let a(w) = 44 + 41 + 13*w - 86. What is a(-2)?
-27
Let p(k) = 7*k**2 + 10*k - 10. Let v(x) = x**2 + x - 1. Let n(b) = -p(b) + 6*v(b). Let z(f) = f + 12. Let y be z(-6). Suppose -5*i - y = -4*i. What is n(i)?
-8
Let t(h) = 2 + h + 2*h + 2. Suppose w + 2*w = 0. Suppose -13*k + 12*k - 4 = w. Give t(k).
-8
Let c(m) = 2*m + 256 - 124 - 129 - 5*m**2 + m. Calculate c(-2).
-23
Let z be (12 - 13)*(-2 + -1). Suppose -d - 12 = z*d. Let l(b) = -b**3 - 5*b**2 - 4*b - 3. Determine l(d).
-9
Let z be 24/40 + 24/10. Let k(r) = z + 3*r**2 - 1 + 9*r - 2*r**2 + 5. Calculate k(-9).
7
Let o(s) = s**3 - 7*s**2 - 2*s - 3. Suppose -2*z = -9*g - 32, 4*z - 2*g + 3 = 5*z. Give o(z).
-17
Let s(m) = 2*m + 1. Let b(l) = -13*l - 8. Let p(v) = b(v) + 6*s(v). Suppose -23*a = -21*a + 6. What is p(a)?
1
Suppose -3*c - 6 = 3. Let i(b) = -5*b**3 + 3*b**2 + 5*b - 4. Let j(w) = 4*w**3 - 4*w**2 - 4*w + 4. Let g(v) = c*i(v) - 4*j(v). Calculate g(7).
3
Let h = 166 + -176. Let x(q) = -q**3 - 11*q**2 - 9*q + 5. Calculate x(h).
-5
Let j(d) = -2*d**3 + 109190*d + 2*d**2 + d**3 - 109185*d. Give j(4).
-12
Let m(f) = -4*f + 23. Let u(j) = -5*j + 25. Let i(s) = 6*m(s) - 5*u(s). Suppose 24 - 6 = -2*l. Determine i(l).
4
Let f be ((-6 - -10)/(-2))/(2/3). Let p(i) = -i**3 - 4*i**2 - 4*i - 1. What is p(f)?
2
Let l(j) = -j**2 + 1 + 4 - 15*j + 19*j. Let v(t) = 3*t**2 - 9*t - 11. Let r(u) = 5*l(u) + 2*v(u). What is r(-2)?
3
Let x(j) = -38*j + 68. Let s(z) = 10*z - 18. Let a(l) = -11*s(l) - 3*x(l). Determine a(4).
10
Let c = 26 - -7. Suppose 9*h + 105 = c. Let t(j) = j**2 + 9*j - 6. Determine t(h).
-14
Let u(j) = -2*j - 15. Let z = -193 - -186. Determine u(z).
-1
Let n(a) = -2*a + 44. Let q(u) = u - 7. Let x(s) = n(s) + 3*q(s). Give x(-12).
11
Let k(d) be the first derivative of d**3/6 + 3*d**2/2 - 31*d - 39. Let o(w) be the first derivative of k(w). What is o(9)?
12
Let u(d) = 19 - 32 - 4*d + 3*d - 69 + 4*d. Calculate u(29).
5
Let s(f) = 5*f**2 + 40*f + 1. Let l(a) = a**2 + 11*a. Let c(x) = 4*l(x) - s(x). Calculate c(3).
2
Let h(q) = q**3 - 5*q**2 + 4*q + 5. Suppose -6*l + 188 - 158 = 0. What is h(l)?
25
Let h(q) = q**3 - 3*q**2 + 4*q. Let w be h(2). Let y(l) = -3 - l**3 - 138*l - w + 4*l**2 + 146*l. Determine y(5).
8
Let t(k) = -83 + 268 - k - 81 - 88. Calculate t(16).
0
Let u be 6*(-3 - (-28)/8). Let b(x) = -51 - x**2 + 0*x**2 + 17*x**u + 52. Suppose -6*o = -4*o + 2. What is b(o)?
-17
Let h(g) = -g**2 + 7*g + 1. Let v(i) = i**2 + 17*i + 6. Let x be v(0). Give h(x).
7
Let v(d) be the second derivative of -d**4/6 - 3*d**3/2 + d**2 + 8*d. Let t be v(-5). Let w(u) = -5*u - 3. What is w(t)?
12
Let p(t) be the second derivative of t**3/6 + 3*t**2 + 3*t. Suppose a = 5 - 2. Let h = a + -7. Determine p(h).
2
Let n = 524 + -522. Let t(h) be the first derivative of -h**6/360 + h**5/60 + h**4/24 + h**3/3 - 2. Let f(c) be the third derivative of t(c). Determine f(n).
1
Let d(h) be the second derivative of -h**5/60 + h**4/8 + 4*h**2 + 21*h. Let c(l) be the first derivative of d(l). What is c(4)?
-4
Let j = -5 - -10. Let i(x) = 2*x - 10. Let t be i(j). Let v(d) = d**2 - 3*d + 10. Let h(w) = -w + 1. Let q(o) = 3*h(o) - v(o). Calculate q(t).
-7
Let u(z) = 6 - 2 - 7*z**2 - 4*z + 2*z + z + z**3 + 7*z. Suppose 0 = -5*h - 0*h + 30. Give u(h).
4
Suppose -50 = 4*d - k, -6*k + 18 = -2*d - 2*k. Let p(z) = z**2 + 14*z + 9. What is p(d)?
-4
Let t = -17 - -29. Suppose 5*s - 8*s + t = 0. Suppose -9*o + 20 = -s*o. Let i(m) = -2*m + 4. Calculate i(o).
-4
Let z be (-2)/7 + 1 + (-102)/(-14). Let n(f) = 8 - 6*f**3 - f + 13*f**3 - z*f**3 + 3*f**2 - 2*f**2. What is n(0)?
8
Let a(u) be the second derivative of 0 - 4*u + 11/2*u**2 + 1/6*u**3. Give a(8).
19
Let k(s) = -3*s + 3. Let q be k(2). Let n(p) = -3*p - 9. Let v be n(-4). Let g(a) = a**2 + a**3 - 2 + 3*a + 0*a**3 + v*a**2. Calculate g(q).
-2
Let r(s) be the second derivative of 7/120*s**5 + 0*s**3 - 5/12*s**4 + 4*s + 0*s**2 + 1/720*s**6 + 0. Let a(b) be the third derivative of r(b). What is a(-6)?
1
Let r be 2 + -2*6/(-4). Let d be 12/10 - 1/5. Let j(y) = 313*y + 9 + d - 3 - 312*y. Calculate j(r).
12
Let f(d) = -d**3 + 5*d**2 + 5*d + 5. Suppose 0 = 4*m - 6 - 98. Suppose -25*x = -m*x. Suppose 0*n - 3*n + 18 = x. Calculate f(n).
-1
Let j(g) = g + 8. Let c be j(9). Let i(l) = -l + 13. Give i(c).
-4
Let p(r) = -r + 3. Let y = -942 + 944. Calculate p(y).
1
Let w(l) = -4*l**2 - 12*l + 8. Let y(b) = 11*b**2 + 31*b - 24. Let k(n) = -8*w(n) - 3*y(n). Determine k(5).
-2
Let n(t) = 7*t + 80. Let q be n(-11). Let x(s) be the third derivative of -7/24*s**4 - 4*s**2 + 0 + 0*s + 1/6*s**q. Determine x(2).
-13
Let q(f) = -2*f + 8. Suppose -11 = s - 8. Let i be (12 - 3)/1 + s. Give q(i).
-4
Let r(y) be the first derivative of -y**4/24 - y**3 - 9*y**2/2 - 2. Let m(j) be the second derivative of r(j). What is m(5)?
-11
Let k(r) be the second derivative of -r**6/360 - r**5/40 - r**4/24 + 19*r**3/3 - 31*r. Let l(a) be the second derivative of k(a). Give l(-6).
-19
Let z(g) = 247 + 0*g - g - 252. Let